 thousands digit of 2290145329?
1
What is the ten millions digit of 227656145?
2
What is the millions digit of 258736005?
8
What is the tens digit of 153907714?
1
What is the hundreds digit of 1511442022?
0
What is the hundred thousands digit of 708906686?
9
What is the ten millions digit of 2954375159?
5
What is the tens digit of 352062980?
8
What is the hundreds digit of 67574388?
3
What is the millions digit of 994339299?
4
What is the ten thousands digit of 1005429917?
2
What is the tens digit of 76509799?
9
What is the hundreds digit of 174388148?
1
What is the units digit of 640188033?
3
What is the hundred millions digit of 206107040?
2
What is the tens digit of 117497329?
2
What is the tens digit of 287347396?
9
What is the hundreds digit of 16879103?
1
What is the hundred millions digit of 656670606?
6
What is the hundred millions digit of 162091080?
1
What is the hundreds digit of 398791384?
3
What is the millions digit of 856130722?
6
What is the hundred thousands digit of 63235137?
2
What is the ten thousands digit of 31481425?
8
What is the hundred thousands digit of 49663485?
6
What is the thousands digit of 15678655?
8
What is the hundreds digit of 11279772?
7
What is the ten thousands digit of 503644091?
4
What is the hundred thousands digit of 4461260338?
2
What is the thousands digit of 97993328?
3
What is the hundred thousands digit of 28143440?
1
What is the hundred thousands digit of 22630115?
6
What is the ten thousands digit of 40375216?
7
What is the ten thousands digit of 43833510?
3
What is the hundred thousands digit of 77429325?
4
What is the ten millions digit of 1322820127?
2
What is the tens digit of 164248858?
5
What is the tens digit of 156739193?
9
What is the units digit of 1020561951?
1
What is the thousands digit of 94595456?
5
What is the tens digit of 125104227?
2
What is the hundreds digit of 86087976?
9
What is the tens digit of 969823966?
6
What is the ten thousands digit of 37308087?
0
What is the hundred thousands digit of 471723232?
7
What is the thousands digit of 8123167674?
7
What is the ten thousands digit of 2487697332?
9
What is the hundred millions digit of 890252085?
8
What is the thousands digit of 1586999245?
9
What is the hundred millions digit of 496436919?
4
What is the hundred millions digit of 1235162821?
2
What is the thousands digit of 4081848231?
8
What is the ten thousands digit of 97282820?
8
What is the units digit of 118455609?
9
What is the ten thousands digit of 1793379753?
7
What is the millions digit of 253591652?
3
What is the hundred thousands digit of 134964386?
9
What is the hundreds digit of 1120326474?
4
What is the tens digit of 138218042?
4
What is the ten thousands digit of 857921502?
2
What is the hundred millions digit of 383236333?
3
What is the hundred millions digit of 113673143?
1
What is the hundred thousands digit of 50867384?
8
What is the millions digit of 37673094?
7
What is the millions digit of 22301243?
2
What is the thousands digit of 649655330?
5
What is the units digit of 112913302?
2
What is the ten thousands digit of 1082963801?
6
What is the ten millions digit of 861065861?
6
What is the millions digit of 48298279?
8
What is the hundred thousands digit of 7323509?
3
What is the ten millions digit of 39848536?
3
What is the ten thousands digit of 47232923?
3
What is the hundred thousands digit of 87378006?
3
What is the hundreds digit of 1433561216?
2
What is the units digit of 107838180?
0
What is the units digit of 2859304363?
3
What is the hundreds digit of 5017830?
8
What is the millions digit of 58616405?
8
What is the units digit of 15291640?
0
What is the tens digit of 179953066?
6
What is the tens digit of 39363752?
5
What is the thousands digit of 691013157?
3
What is the millions digit of 605063075?
5
What is the hundred thousands digit of 332209432?
2
What is the units digit of 17062908?
8
What is the hundred millions digit of 105279472?
1
What is the hundred thousands digit of 261797236?
7
What is the hundred thousands digit of 185778207?
7
What is the tens digit of 89348637?
3
What is the ten millions digit of 94917213?
9
What is the hundred thousands digit of 155277881?
2
What is the ten thousands digit of 8797543342?
4
What is the thousands digit of 50071439?
1
What is the tens digit of 4350150050?
5
What is the hundred millions digit of 126374548?
1
What is the ten thousands digit of 2616840381?
4
What is the hundred millions digit of 155656542?
1
What is the units digit of 982936869?
9
What is the hundreds digit of 1456231262?
2
What is the ten millions digit of 138916359?
3
What is the units digit of 184777301?
1
What is the units digit of 798412584?
4
What is the millions digit of 196476561?
6
What is the hundreds digit of 24652716?
7
What is the ten millions digit of 82964601?
8
What is the units digit of 326979365?
5
What is the millions digit of 84247369?
4
What is the millions digit of 160882176?
0
What is the thousands digit of 2121643492?
3
What is the ten millions digit of 198551012?
9
What is the millions digit of 36197326?
6
What is the hundred millions digit of 628156327?
6
What is the hundred thousands digit of 431730240?
7
What is the units digit of 3623970230?
0
What is the hundreds digit of 57896552?
5
What is the tens digit of 24067485?
8
What is the hundred thousands digit of 1064779133?
7
What is the hundred thousands digit of 677072779?
0
What is the tens digit of 828872426?
2
What is the hundred thousands digit of 1995455345?
4
What is the units digit of 89826074?
4
What is the hundreds digit of 187735500?
5
What is the units digit of 77915086?
6
What is the tens digit of 100897896?
9
What is the ten millions digit of 224303404?
2
What is the hundred thousands digit of 1543850808?
8
What is the units digit of 3790829898?
8
What is the ten millions digit of 117664922?
1
What is the hundreds digit of 1998443070?
0
What is the thousands digit of 134719007?
9
What is the ten millions digit of 6983700494?
8
What is the hundred thousands digit of 2770103861?
1
What is the hundreds digit of 1408885868?
8
What is the ten millions digit of 2216834094?
1
What is the hundred thousands digit of 196289232?
2
What is the units digit of 726122886?
6
What is the hundreds digit of 1886945322?
3
What is the thousands digit of 21158110?
8
What is the millions digit of 308641740?
8
What is the tens digit of 47654172?
7
What is the hundred thousands digit of 30618820?
6
What is the thousands digit of 666954877?
4
What is the hundreds digit of 6786094320?
3
What is the ten thousands digit of 34744437?
4
What is the units digit of 51314152?
2
What is the hundred thousands digit of 93270224?
2
What is the hundreds digit of 722294128?
1
What is the hundred thousands digit of 579135555?
1
What is the units digit of 8809085?
5
What is the hundred thousands digit of 322610823?
6
What is the hundred millions digit of 198759196?
1
What is the ten thousands digit of 3635307317?
0
What is the hundred thousands digit of 12700164?
7
What is the ten thousands digit of 3238536639?
3
What is the hundreds digit of 142734182?
1
What is the units digit of 152483261?
1
What is the millions digit of 22032200?
2
What is the units digit of 24454581?
1
What is the ten thousands digit of 766141198?
4
What is the tens digit of 41546515?
1
What is the units digit of 29449959?
9
What is the hundreds digit of 92406846?
8
What is the thousands digit of 2005965926?
5
What is the hundred millions digit of 278321813?
2
What is the units digit of 1914391?
1
What is the tens digit of 223506028?
2
What is the millions digit of 48767319?
8
What is the thousands digit of 1553277985?
7
What is the units digit of 44869284?
4
What is the hundred thousands digit of 295338217?
3
What is the thousands digit of 600740451?
0
What is the hundred thousands digit of 10718592?
7
What is the hundreds digit of 1386619876?
8
What is the hundreds digit of 148766795?
7
What is the hundred thousands digit of 618966235?
9
What is the ten thousands digit of 302194084?
9
What is the hundreds digit of 1350597089?
0
What is the hundreds digit of 692897890?
8
What is the ten thousands digit of 1679956370?
5
What is the thousands digit of 5128816?
8
What is the thousands digit of 108695